{"id":5090,"date":"2026-08-31T12:53:17","date_gmt":"2026-08-31T10:53:17","guid":{"rendered":"http:\/\/artpagony.hu\/wordpress\/?post_type=tribe_events&#038;p=5090"},"modified":"2026-08-31T12:53:17","modified_gmt":"2026-08-31T10:53:17","slug":"2026-szeptember-4-onkepzokori-foglalkozas-magyar-tortenelmi-festeszet-a-19-szazadban","status":"publish","type":"tribe_events","link":"http:\/\/artpagony.hu\/wordpress\/?tribe_events=2026-szeptember-4-onkepzokori-foglalkozas-magyar-tortenelmi-festeszet-a-19-szazadban","title":{"rendered":"2026. szeptember 4. \u00d6nk\u00e9pz\u0151k\u00f6ri foglalkoz\u00e1s Magyar t\u00f6rt\u00e9nelmi fest\u00e9szet a 19. sz\u00e1zadban"},"content":{"rendered":"<p>Magyar t\u00f6rt\u00e9nelmi fest\u00e9szet a 19. sz\u00e1zadban c\u00edmmel tart kisel\u0151ad\u00e1st <strong>Szil\u00e1gyi Kl\u00e1ra.<br \/>\n<\/strong>A t\u00f6rt\u00e9nelmi fest\u00e9szet, b\u00e1r eredete a XVIII. sz\u00e1zad v\u00e9g\u00e9re ny\u00falik vissza, igazi vir\u00e1gkor\u00e1t Magyarorsz\u00e1gon a XIX. sz\u00e1zad m\u00e1sodik fel\u00e9ben \u00e9li, a szabads\u00e1gharc lever\u00e9s\u00e9t k\u00f6vet\u0151 \u00e9vtizedekben v\u00e1lik a nemzeti ellen\u00e1ll\u00e1s egyik fontos \u00e9s hat\u00e1sos seg\u00edt\u0151j\u00e9v\u00e9. Nem titkolt sz\u00e1nd\u00e9ka, hogy a k\u00f6zv\u00e9lem\u00e9nyt \u00e9rzelmi eszk\u00f6z\u00f6kkel befoly\u00e1solja \u00e9s ez\u00e1ltal igen fontos szerepe van a nemzeti tudat kialak\u00edt\u00e1s\u00e1ban, form\u00e1l\u00e1s\u00e1ban.<\/p>\n<p><img loading=\"lazy\" decoding=\"async\" class=\"alignnone size-medium wp-image-5093\" src=\"http:\/\/artpagony.hu\/wordpress\/wp-content\/uploads\/2026\/08\/Zrinyi-300x224.png\" alt=\"\" width=\"300\" height=\"224\" srcset=\"http:\/\/artpagony.hu\/wordpress\/wp-content\/uploads\/2026\/08\/Zrinyi-300x224.png 300w, http:\/\/artpagony.hu\/wordpress\/wp-content\/uploads\/2026\/08\/Zrinyi-1024x766.png 1024w, http:\/\/artpagony.hu\/wordpress\/wp-content\/uploads\/2026\/08\/Zrinyi-768x574.png 768w, http:\/\/artpagony.hu\/wordpress\/wp-content\/uploads\/2026\/08\/Zrinyi-401x300.png 401w, http:\/\/artpagony.hu\/wordpress\/wp-content\/uploads\/2026\/08\/Zrinyi.png 1027w\" sizes=\"auto, (max-width: 300px) 100vw, 300px\" \/><\/p>\n<p>&nbsp;<\/p>\n<p>&nbsp;<\/p>\n","protected":false},"excerpt":{"rendered":"<p>Magyar t\u00f6rt\u00e9nelmi fest\u00e9szet a 19. sz\u00e1zadban c\u00edmmel tart kisel\u0151ad\u00e1st Szil\u00e1gyi Kl\u00e1ra. A t\u00f6rt\u00e9nelmi fest\u00e9szet, b\u00e1r eredete a XVIII. sz\u00e1zad v\u00e9g\u00e9re ny\u00falik vissza, igazi vir\u00e1gkor\u00e1t Magyarorsz\u00e1gon a XIX. sz\u00e1zad m\u00e1sodik fel\u00e9ben \u00e9li, a szabads\u00e1gharc lever\u00e9s\u00e9t k\u00f6vet\u0151 \u00e9vtizedekben v\u00e1lik a nemzeti ellen\u00e1ll\u00e1s &hellip; <a href=\"http:\/\/artpagony.hu\/wordpress\/?tribe_events=2026-szeptember-4-onkepzokori-foglalkozas-magyar-tortenelmi-festeszet-a-19-szazadban\">Egy kattint\u00e1s ide a folytat\u00e1shoz&#8230;. <span class=\"meta-nav\">&rarr;<\/span><\/a><\/p>\n","protected":false},"author":3,"featured_media":0,"template":"","meta":{"_tribe_events_status":"","_tribe_events_status_reason":"","footnotes":""},"tags":[391,81],"tribe_events_cat":[],"class_list":["post-5090","tribe_events","type-tribe_events","status-publish","hentry","tag-19-sz-festeszete","tag-magyar"],"_links":{"self":[{"href":"http:\/\/artpagony.hu\/wordpress\/index.php?rest_route=\/wp\/v2\/tribe_events\/5090","targetHints":{"allow":["GET"]}}],"collection":[{"href":"http:\/\/artpagony.hu\/wordpress\/index.php?rest_route=\/wp\/v2\/tribe_events"}],"about":[{"href":"http:\/\/artpagony.hu\/wordpress\/index.php?rest_route=\/wp\/v2\/types\/tribe_events"}],"author":[{"embeddable":true,"href":"http:\/\/artpagony.hu\/wordpress\/index.php?rest_route=\/wp\/v2\/users\/3"}],"version-history":[{"count":3,"href":"http:\/\/artpagony.hu\/wordpress\/index.php?rest_route=\/wp\/v2\/tribe_events\/5090\/revisions"}],"predecessor-version":[{"id":5094,"href":"http:\/\/artpagony.hu\/wordpress\/index.php?rest_route=\/wp\/v2\/tribe_events\/5090\/revisions\/5094"}],"wp:attachment":[{"href":"http:\/\/artpagony.hu\/wordpress\/index.php?rest_route=%2Fwp%2Fv2%2Fmedia&parent=5090"}],"wp:term":[{"taxonomy":"post_tag","embeddable":true,"href":"http:\/\/artpagony.hu\/wordpress\/index.php?rest_route=%2Fwp%2Fv2%2Ftags&post=5090"},{"taxonomy":"tribe_events_cat","embeddable":true,"href":"http:\/\/artpagony.hu\/wordpress\/index.php?rest_route=%2Fwp%2Fv2%2Ftribe_events_cat&post=5090"}],"curies":[{"name":"wp","href":"https:\/\/api.w.org\/{rel}","templated":true}]}}

2026. szeptember 4. Önképzőköri foglalkozás Magyar történelmi festészet a 19. században

<p>Magyar történelmi festészet a 19. században címmel tart kiselőadást <strong>Szilágyi Klára.<br />
</strong>A történelmi festészet, bár eredete a XVIII. század végére nyúlik vissza, igazi virágkorát Magyarországon a XIX. század második felében éli, a szabadságharc leverését követő évtizedekben válik a nemzeti ellenállás egyik fontos és hatásos segítőjévé. Nem titkolt szándéka, hogy a közvéleményt érzelmi eszközökkel befolyásolja és ezáltal igen fontos szerepe van a nemzeti tudat kialakításában, formálásában.</p>
<p><img loading="lazy" decoding="async" class="alignnone size-medium wp-image-5093" src="http://artpagony.hu/wordpress/wp-content/uploads/2026/08/Zrinyi-300x224.png" alt="" width="300" height="224" srcset="http://artpagony.hu/wordpress/wp-content/uploads/2026/08/Zrinyi-300x224.png 300w, http://artpagony.hu/wordpress/wp-content/uploads/2026/08/Zrinyi-1024x766.png 1024w, http://artpagony.hu/wordpress/wp-content/uploads/2026/08/Zrinyi-768x574.png 768w, http://artpagony.hu/wordpress/wp-content/uploads/2026/08/Zrinyi-401x300.png 401w, http://artpagony.hu/wordpress/wp-content/uploads/2026/08/Zrinyi.png 1027w" sizes="auto, (max-width: 300px) 100vw, 300px" /></p>
<p>&nbsp;</p>
<p>&nbsp;</p>

<p>Magyar történelmi festészet a 19. században címmel tart kiselőadást Szilágyi Klára. A történelmi festészet, bár eredete a XVIII. század végére nyúlik vissza, igazi virágkorát Magyarországon a XIX. század második felében éli, a szabadságharc leverését követő évtizedekben válik a nemzeti ellenállás &hellip; <a href="http://artpagony.hu/wordpress/?tribe_events=2026-szeptember-4-onkepzokori-foglalkozas-magyar-tortenelmi-festeszet-a-19-szazadban">Egy kattintás ide a folytatáshoz&#8230;. <span class="meta-nav">&rarr;</span></a></p>
